
-2a64a4 (base 12) to base 11
-44a013
What is 44044442 (base 5) in base 15?
77082
Convert 644051 (base 8) to base 12.
a4575
3411433 (base 6) to base 16
2a2cd
Convert -6403156 (base 12) to base 4.
-1020022110102
-55330230 (base 6) to base 15
-22bde6
Convert 128c17 (base 13) to base 7.
3544144
Convert 443184 (base 11) to base 3.
1022220210020
224023144 (base 5) to base 7
11341222
Convert 2639536 (base 10) to base 2.
1010000100011010110000
Convert 1101012231 (base 5) to base 12.
959b10
What is -14101204424 (base 5) in base 2?
-1000100101000011001000111
What is -89163 (base 12) in base 6?
-3521003
What is 111011011110111100110 (base 2) in base 7?
22365451
What is 21123033 (base 4) in base 13?
1475a
What is 68c78 (base 15) in base 14?
897bd
Convert 275400 (base 9) to base 7.
1266531
What is aaa514 (base 11) in base 13?
4a0053
-10212121010 (base 3) to base 9
-125533
Convert 12551070 (base 8) to base 2.
1010101101001000111000
2697199 (base 11) to base 16
46f6f7
Convert 1aa4766 (base 11) to base 6.
203432244
4f4219 (base 16) to base 13
10cb33b
-301210434 (base 5) to base 13
-32a902
What is 1264335 (base 9) in base 11?
432a89
Convert 1081267 (base 11) to base 5.
440442320
Convert -10102001010 (base 3) to base 8.
-203032
55b62 (base 12) to base 6
2235402
Convert -35532 (base 15) to base 12.
-82402
Convert -8669c9 (base 13) to base 10.
-3156578
Convert 197b4d (base 14) to base 4.
3130330221
Convert -11010143324 (base 5) to base 2.
-101101000001100101010100
Convert 421424402 (base 5) to base 11.
a94932
What is -7588 (base 16) in base 8?
-72610
-2bb29 (base 12) to base 10
-62097
-3077295 (base 11) to base 8
-24547221
Convert 3301100313 (base 4) to base 3.
1212012120120
Convert 1314431400 (base 5) to base 10.
3280225
Convert 31313011210 (base 4) to base 11.
20619aa
What is a688d1 (base 14) in base 6?
320420035
Convert 271b8 (base 12) to base 6.
1053152
What is 12110211200221 (base 3) in base 10?
2909950
Convert 223f (base 16) to base 13.
3cb5
What is 140164 (base 9) in base 3?
11100012011
11c09 (base 14) to base 11
2a775
What is -19b9d (base 16) in base 7?
-616132
Convert 2212001221201 (base 3) to base 14.
2b6bc2
What is -11101110100111111101 (base 2) in base 14?
-1b62a9
What is -2011341312 (base 5) in base 9?
-7484478
Convert -22430426 (base 8) to base 7.
-56220412
What is 19b085 (base 13) in base 14?
12db98
Convert 12577130 (base 8) to base 14.
534b8c
86cd (base 14) to base 9
34868
Convert -a4385 (base 12) to base 8.
-643425
What is -583bc (base 15) in base 12?
-116729
1a14730 (base 13) to base 15
b46ac5
Convert -120340141 (base 5) to base 12.
-22b464
What is -14022a (base 11) in base 10?
-219889
Convert -25242551 (base 6) to base 9.
-1471284
Convert 26514775 (base 8) to base 16.
5a99fd
-11104242010 (base 5) to base 9
-24825021
102001120210 (base 3) to base 6
4355420
Convert -2222001120 (base 3) to base 4.
-32033322
Convert 36250 (base 7) to base 13.
4378
Convert -550310 (base 6) to base 5.
-2423344
1135651 (base 7) to base 12
6b1b4
Convert 547721 (base 8) to base 9.
310687
Convert -8b713 (base 14) to base 2.
-1010010101111010101
What is -1534608 (base 9) in base 12?
-34b92b
-1113131401 (base 5) to base 10
-2473976
Convert 2222121002200 (base 3) to base 7.
16325001
What is 3852812 (base 12) in base 5?
10312310120
What is -a8d65 (base 14) in base 6?
-12432205
-11c7b (base 16) to base 13
-271c1
What is 12131325 (base 7) in base 15?
165ee0
Convert -8a1c3a (base 14) to base 15.
-62a2d5
What is -3aa6b (base 15) in base 14?
-4c70c
What is -2f0b01 (base 16) in base 4?
-23300230001
What is 17ff7 (base 16) in base 15?
1e1d0
What is 1141ee (base 15) in base 9?
1485218
What is 3390c1 (base 14) in base 8?
6540761
-365202 (base 12) to base 4
-3112303202
What is 2340aa (base 11) in base 8?
1325415
Convert 31533244 (base 6) to base 12.
38a224
Convert -2cc0c (base 14) to base 12.
-54a78
Convert 12303344123 (base 5) to base 3.
1001001011010101
a533b (base 12) to base 15
4421e
2202100120012 (base 3) to base 2
101100101010011011001
What is -4826530 (base 9) in base 12?
-a61b30
What is -1010112020020 (base 3) in base 7?
-5051535
Convert -1b28674 (base 12) to base 11.
-3298156
1167254 (base 9) to base 4
2123010202
Convert a62a4 (base 12) to base 5.
23440030
What is f3a95 (base 16) in base 5?
223414122
What is -47037 (base 11) in base 4?
-100211101
Convert -125424 (base 8) to base 13.
-16c1c
Convert -159346 (base 12) to base 10.
-368550
196722d (base 14) to base 9
25664451
Convert -1005042 (base 7) to base 9.
-201700
1044041 (base 5) to base 11
13011
Convert 6103660 (base 8) to base 12.
6563a8
Convert 101010010011110100 (base 2) to base 8.
522364
What is -27707477 (base 8) in base 10?
-6262591
Convert -6c50 (base 16) to base 15.
-8338
-2d02d (base 14) to base 11
-77614
Convert -4254540 (base 6) to base 16.
-3333c
Convert 22430330 (base 5) to base 9.
337035
Convert 20414242 (base 5) to base 8.
513733
What is 2222212221 (base 5) in base 12?
177540a
Convert 1882 (base 14) to base 5.
120201
Convert -1700252 (base 10) to base 14.
-3238a8
What is 122112222022 (base 3) in base 7?
2636240
What is 332102 (base 5) in base 7?
45415
What is -6648a8 (base 13) in base 7?
-26323332
Convert -1631371 (base 10) to base 8.
-6162213
653312 (base 14) to base 8
15047024
1352256 (base 7) to base 5
21242100
Convert -1328073 (base 9) to base 10.
-727608
-1379a41 (base 11) to base 6
-122450123
What is 1209b (base 12) in base 3?
1020100102
-a161d (base 14) to base 2
-1011110110000001011
What is 1d62 (base 14) in base 10?
5378
14399 (base 15) to base 2
1111110110110000
Convert -256089 (base 11) to base 14.
-a7018
-2276276 (base 8) to base 6
-21154302
Convert -164844 (base 11) to base 3.
-110222010020
24012314 (base 6) to base 14
156a10
Convert -143033211 (base 5) to base 3.
-1102012222012
-1100010001011000000 (base 2) to base 10
-402112
102330022322 (base 4) to base 16
4bc2ba
-152837 (base 12) to base 6
-11353311
Convert 1641a39 (base 13) to base 7.
114652540
Convert 1033320410 (base 5) to base 2.
1000100100000111110001
-1120001233 (base 4) to base 16
-5806f
Convert 1430186 (base 9) to base 7.
6456600
What is 10110000011100110001 (base 2) in base 7?
6100051
Convert 144aa61 (base 13) to base 12.
21b0750
What is 403707 (base 8) in base 5?
13224223
What is 342002 (base 5) in base 10?
12127
Convert -122350423 (base 6) to base 13.
-6495b4
What is 1222222111222 (base 3) in base 14?
1d9310
What is -38775 (base 11) in base 2?
-1101100011001100
Convert 732412 (base 10) to base 14.
150cb2
2325 (base 8) to base 13
742
Convert -5004c (base 13) to base 6.
-3021233
Convert -b85369 (base 14) to base 11.
-3580601
Convert 145238 (base 14) to base 10.
705650
Convert -13638378 (base 9) to base 11.
-38a5a45
What is 1214212 (base 8) in base 7?
2560436
Convert -2031141 (base 7) to base 6.
-5112350
-1a563 (base 11) to base 8
-67721
6904491 (base 10) to base 13
15798c9
What is 202002223 (base 4) in base 13?
4b60a
Convert 2334100 (base 7) to base 13.
a3c8a
110101000010101 (base 2) to base 11
19449
Convert -73123 (base 8) to base 9.
-45486
-1001110001011001101 (base 2) to base 8
-1161315
What is 2120011010 (base 3) in base 13?
19c3b
What is -7bb7c (base 15) in base 6?
-12240300
What is 1002121210120 (base 3) in base 10?
583053
951415 (base 10) to base 12
39a707
What is -12514124 (base 6) in base 8?
-1451204
Convert 844586 (base 11) to base 2.
101001010010100100011
500846 (base 9) to base 10
295935
-15c924 (base 16) to base 11
-895763
What is 401242443 (base 5) in base 14?
2d462c
What is 6945c (base 13) in base 10?
191892
Convert -3020035 (base 7) to base 10.
-357775
-300101120 (base 4) to base 7
-1452305
Convert -96978 (base 11) to base 8.
-423201
What is 164504 (base 11) in base 10?
254830
What is 131321103 (base 4) in base 9?
205866
2017287 (base 9) to base 8
4063143
What is -20203233321 (base 4) in base 10?
-2243577
Convert -101223013002 (base 4) to base 8.
-21530702
What is -41373b (base 13) in base 15?
-200c72
-16430501 (base 8) to base 12
-133b001
-200430131 (base 5) to base 14
-169d74
What is -361427 (base 9) in base 3?
-102001110221
Convert 220120220022 (base 3) to base 16.
7628f
What is 893c98 (base 14) in base 9?
8681016
Convert 58dd (base 15) to base 12.
ab17
What is 101001110001110010 (base 2) in base 3?
22200201